f 325 and g?
13
Let h(u) = -978*u - 14070. Let g be h(-50). Calculate the highest common divisor of 129 and g.
129
Let m be (589/2)/((-2)/(-12)) + -3. Suppose 56 = 52*u - m. Calculate the highest common factor of u and 560.
35
Let w be 1691/95 - (-1)/5. Let q be 125 - 126 - (1 - w/1). Let j(p) = p**3 + 4*p**2 - 2*p - 4. Let a be j(-4). Calculate the highest common divisor of q and a.
4
Let m(x) = -x**2 - 4*x + 5. Let v be m(-5). Suppose -u + 5*u - 96 = v. Let y = -76792 - -76810. What is the highest common factor of u and y?
6
Suppose 0 = 19*j - 208 - 97 + 58. What is the highest common factor of j and 7709?
13
Suppose -2*m + 442 = 4*f - 226, 5*f + 695 = 2*m. Calculate the greatest common divisor of 272 and m.
68
Let v be (0 - (-1)/(-2)) + (-5969)/(-254). Suppose 4*g - 5*g = 3*i - 18, 4*g = -4*i + 32. What is the greatest common divisor of i and v?
1
Suppose -403 - 655 = -4*u + 3*h, 4*h = 8. Suppose 0 = 6*o - u + 224. What is the greatest common factor of o and 553?
7
Let t(a) = -1403*a - 6195. Let p be t(-5). Calculate the highest common factor of 100 and p.
20
Suppose 0*h + 4079 = 4*h + 4067. Let y(n) = -n**3 + 13*n**2 - n + 3. Let g be y(6). What is the greatest common factor of h and g?
3
Suppose -5*k - 2*n = -158, 5*n = -542*k + 541*k + 50. Calculate the highest common divisor of 320 and k.
10
Let o be (3 - (-221)/(-17))/(2/(-16)). Calculate the greatest common divisor of o and 7460.
20
Let o(q) be the third derivative of 0*q - 6*q**2 + 17/24*q**4 - 14/3*q**3 + 0 + 1/60*q**5. Let x be o(-21). Calculate the greatest common divisor of x and 8.
8
Suppose 10*y + 44 = 21*y + 11*y. Calculate the highest common factor of 907 and y.
1
Let x be -3*2*(-14)/12. Let r(k) = 2*k**3 + 17*k**2 - 20*k - 70. Let l be r(-9). Suppose -33*t + l*t + 280 = 0. Calculate the highest common divisor of t and x.
7
Let r be 10*(18/(-20) - -1) - -3. Suppose -y - 10 + 24 = -4*f, -y - r*f + 22 = 0. Suppose 0 = i + 2*i - 27. What is the greatest common divisor of i and y?
9
Let q be 7 + (-8)/(-32)*-4. Suppose -2*n - 11 = 9. Let a be 7 + 4/n*-5. Calculate the greatest common factor of a and q.
3
Suppose -25*t = -13*t + 288. Let s be t/30*-10*44. Calculate the greatest common divisor of s and 32.
32
Let y(b) = -b**3 + 4*b**2 + 5*b + 1. Let q be y(5). Suppose 3*h - 27 = 9. Let f be (8/((-32)/h))/((-1)/3). What is the highest common divisor of q and f?
1
Let y(x) = -111*x - 571. Let z be y(-6). What is the greatest common factor of 9215 and z?
95
Suppose -59*s = -230*s + 5130. Calculate the greatest common factor of 598 and s.
2
Suppose -l + 1558 = 4*w, 2*l = -0*l - 4. Calculate the greatest common divisor of 1482 and w.
78
Let b = -687 + 1006. Suppose -w - 6 = -2*f, 0*f - 2*f + 2*w + 4 = 0. Suppose 6*d - 58 = f*d. What is the greatest common divisor of d and b?
29
Suppose 10*q = -25*q + 4*q + 30628. Calculate the highest common factor of q and 156.
52
Let l be 2 + (-8)/(-20) - (-4)/(-10). Let t be (0 - -3)*(-1)/(-3). Suppose p - 203 = -3*m, -t = -l*p + 9. Calculate the greatest common factor of m and 6.
6
Let c = -23171 - -26375. Calculate the highest common factor of c and 216.
36
Suppose 3*s + 4*q = -416, -580 = 3*s - 5*q - 155. Let j be 60/(s/(-32) + -4) + -4. What is the highest common factor of j and 12?
12
Let s = -1193 + 2774. Calculate the greatest common factor of s and 1860.
93
Let v(l) = -24*l + 4599. Let i be v(0). What is the greatest common divisor of i and 126?
63
Let t(q) = -q**3 - 13*q**2 + 2*q - 3. Let x be t(-14). Let b be 2556/10 - (-66)/x. What is the highest common factor of b and 8?
8
Let x be (0 - 2) + 2*17. Let h = 321 - 797. Let g = 732 + h. Calculate the greatest common factor of x and g.
32
Suppose -8*k = 34 - 2. Let f be (-1366)/(-14) + 372/84 + k. What is the highest common divisor of f and 112?
14
Let m = 486 - -22. Suppose 18*d + 22 = m. Calculate the greatest common factor of d and 45.
9
Let b = -3740 - -4034. Calculate the highest common divisor of 84 and b.
42
Suppose -40*y = -36*y - 144. Let h = 2 + 0. Suppose -3*q - h*o + 164 = 0, -2*q - 5*o = -5*q + 157. Calculate the highest common factor of y and q.
18
Let a be 20/3 + 1/3. Let k = 38277 - 38249. Calculate the highest common divisor of k and a.
7
Let y = -719 + 728. Suppose -4*n = -w + 25, 2*w - n + 0*n = 43. Calculate the highest common divisor of y and w.
3
Suppose -2*a + 3*i + 36 = 0, 4*i - i - 12 = 0. Suppose -a = -5*z + 4*x + 111, -x = 0. What is the greatest common divisor of z and 135?
27
Suppose -7*n = -3*n + h - 23, -26 = -3*n + h. What is the highest common factor of n and 2177?
7
Let g(h) = 7*h**2 + 62*h + 24. Let a = 305 - 315. Let k be g(a). Calculate the greatest common factor of k and 78.
26
Let m = -733 + 4210. Calculate the greatest common factor of 366 and m.
183
Let f(d) = -70*d**3 + 36*d**2 - 3*d - 15. Let m be f(-5). What is the greatest common factor of m and 150?
50
Let j(c) = -10*c + 2. Let w be j(1). Let f be (-2)/(w/4)*1*41. What is the highest common divisor of 287 and f?
41
Let j = -202 - -562. Suppose -77 = -5*r + 21*x - 20*x, -4*r = -3*x - 66. What is the greatest common factor of r and j?
15
Suppose -13 = -2*w + 87. Suppose 10*z = 110 - w. What is the greatest common divisor of z and 6?
6
Suppose 5*b - 2*s = 123, 3*s + 100 = 4*b - 4. Let w be (-3030)/33 - (-12)/(-66). Let n be (w/10)/((-6)/165). What is the greatest common divisor of b and n?
23
Suppose 0 = -6*k + 3*k + 72. Let i = k + -24. Suppose i*r = -3*r + 39. What is the greatest common factor of r and 117?
13
Suppose 25*n + 36*n - 4370 = 13198. What is the greatest common divisor of n and 90?
18
Let x(v) = 3*v - 36. Suppose 3*o + 13 = 4*o. Let q be x(o). Let c be 234/q*(2/2 - 0). Calculate the highest common divisor of 26 and c.
26
Let l be ((-500)/(-15))/(145/522). Calculate the highest common factor of 804 and l.
12
Suppose 4*f - 5*a = 150, -11*f - 2*a - 156 = -15*f. What is the highest common factor of 730 and f?
10
Let u(f) = 6*f**2 - 2*f - 7. Let b be u(-3). Let g = 55 - b. Let v be (36/(-27))/((-2)/12). Calculate the greatest common divisor of v and g.
2
Suppose 5*j - 35 = -5*y, 4*y - 15*j = -11*j + 12. Let u = 20 - y. Calculate the greatest common divisor of 30 and u.
15
Let t(z) = -37*z - 357. Let v be t(-11). Let j = -60 + 85. Calculate the highest common factor of j and v.
25
Suppose 0 = 5*l + 5, -13 + 5 = -2*n + 4*l. Let v be (-99)/(-11)*(3 + -1). Let q be 171/v + (-2)/(-4). What is the highest common divisor of n and q?
2
Let y(d) = -d**2 - 94*d + 160. Let k be y(-95). What is the highest common factor of 533 and k?
13
Let a(f) = -858*f**3 + 1. Let z be (1/(-3))/(3/(-9)). Let i be a(z). Let v = i + 1307. What is the highest common factor of v and 50?
50
Let t(q) = 7*q + 3. Let w be t(3). Let d(c) = c**2 + 12*c + 27. Suppose 15*v = 11*v - 44. Let k be d(v). What is the greatest common divisor of w and k?
8
Let f be (1/(-2))/(2 + 212/(-104)). Suppose f*o + 104 = 15*o. Let w = 60 - o. Calculate the highest common divisor of 4 and w.
4
Let c(h) = -h**3 + 2*h**2 - 149*h - 170. Let q be c(-24). Calculate the greatest common divisor of q and 182.
182
Suppose 1609*m + 850 = w + 1604*m, 2*w = m + 1682. What is the highest common divisor of 1320 and w?
120
Suppose 0 = 5*i - 4*j - 1868, 180*j + 1865 = 5*i + 175*j. What is the greatest common divisor of 940 and i?
188
Let n = -47 - -48. Let y be 4 - (n + 0 + 4). Let d be ((-3)/(-15))/(y/13)*-5. Calculate the greatest common divisor of d and 130.
13
Let m(p) = 593*p - 1044. Let y be m(9). Calculate the highest common divisor of y and 106.
53
Let a be (4/6 - (-426)/(-72))*384/(-9). Calculate the greatest common factor of 1888 and a.
32
Suppose 13*r - 613 = 7083. Calculate the greatest common factor of 1332 and r.
148
Let w(h) = 133*h - 113. Suppose 26*s - 40*s + 70 = 0. Let n be w(s). What is the highest common factor of 46 and n?
46
Let q be 8 + 41 - 5/((-20)/(-16)). Suppose -q - 3 = -n. What is the greatest common divisor of 304 and n?
16
Suppose 582 = -10*a + 772. Suppose 0 = -3*f + 140 + 31. What is the greatest common divisor of f and a?
19
Let c = 833 - 735. Calculate the greatest common divisor of 1813 and c.
49
Suppose -155 = -2*x + 29. Suppose -3*s + 0*k = -5*k - 280, -5*s + 440 = 5*k. Let j = s - 21. Calculate the highest common factor